3 is divided by 186.
183
What is the remainder when 1482 is divided by 31?
25
What is the remainder when 4460 is divided by 8?
4
What is the remainder when 30635 is divided by 7622?
147
What is the remainder when 16199 is divided by 2609?
545
What is the remainder when 1778 is divided by 62?
42
What is the remainder when 1273 is divided by 250?
23
Calculate the remainder when 218 is divided by 139.
79
Calculate the remainder when 913 is divided by 656.
257
Calculate the remainder when 27261 is divided by 521.
169
What is the remainder when 6876 is divided by 22?
12
Calculate the remainder when 365 is divided by 223.
142
What is the remainder when 5409599 is divided by 294?
293
What is the remainder when 5928 is divided by 9?
6
Calculate the remainder when 8004 is divided by 779.
214
What is the remainder when 1299834 is divided by 561?
558
Calculate the remainder when 42551 is divided by 17.
0
Calculate the remainder when 496469 is divided by 39.
38
What is the remainder when 1606 is divided by 210?
136
What is the remainder when 958956 is divided by 14?
12
What is the remainder when 145212 is divided by 82?
72
What is the remainder when 2857 is divided by 237?
13
What is the remainder when 1021206 is divided by 9200?
6
What is the remainder when 2492 is divided by 245?
42
What is the remainder when 45709 is divided by 80?
29
Calculate the remainder when 41973 is divided by 125.
98
What is the remainder when 4385 is divided by 78?
17
Calculate the remainder when 8721 is divided by 4287.
147
What is the remainder when 2110 is divided by 30?
10
Calculate the remainder when 2837 is divided by 244.
153
Calculate the remainder when 898 is divided by 127.
9
Calculate the remainder when 27588 is divided by 4595.
18
What is the remainder when 1916 is divided by 380?
16
What is the remainder when 7873 is divided by 682?
371
What is the remainder when 219 is divided by 125?
94
Calculate the remainder when 189 is divided by 166.
23
Calculate the remainder when 72893 is divided by 20.
13
What is the remainder when 56829 is divided by 24?
21
Calculate the remainder when 1923 is divided by 275.
273
What is the remainder when 17735 is divided by 8864?
7
What is the remainder when 17849 is divided by 30?
29
Calculate the remainder when 456834 is divided by 540.
534
What is the remainder when 101346 is divided by 12667?
10
What is the remainder when 13559 is divided by 704?
183
Calculate the remainder when 30428 is divided by 2534.
20
What is the remainder when 66980 is divided by 11159?
26
Calculate the remainder when 40289 is divided by 15.
14
Calculate the remainder when 590 is divided by 585.
5
Calculate the remainder when 422798 is divided by 302.
300
What is the remainder when 70 is divided by 7?
0
What is the remainder when 7484 is divided by 392?
36
What is the remainder when 4904 is divided by 64?
40
What is the remainder when 2176 is divided by 34?
0
Calculate the remainder when 33595 is divided by 1203.
1114
What is the remainder when 11857 is divided by 2945?
77
What is the remainder when 1714762 is divided by 1147?
1144
What is the remainder when 1724 is divided by 558?
50
What is the remainder when 2199 is divided by 23?
14
What is the remainder when 16157 is divided by 8052?
53
Calculate the remainder when 10549 is divided by 1162.
91
What is the remainder when 3867 is divided by 76?
67
Calculate the remainder when 6706 is divided by 28.
14
What is the remainder when 65488 is divided by 1337?
1312
Calculate the remainder when 39889 is divided by 117.
109
Calculate the remainder when 451062 is divided by 43.
35
What is the remainder when 5043 is divided by 10?
3
What is the remainder when 3237 is divided by 47?
41
Calculate the remainder when 13875 is divided by 1261.
4
What is the remainder when 82039 is divided by 12?
7
Calculate the remainder when 20941 is divided by 10455.
31
Calculate the remainder when 699 is divided by 625.
74
What is the remainder when 15270 is divided by 799?
89
Calculate the remainder when 53095 is divided by 1160.
895
Calculate the remainder when 3206 is divided by 1052.
50
Calculate the remainder when 579348 is divided by 349.
8
Calculate the remainder when 18744 is divided by 1878.
1842
What is the remainder when 28211 is divided by 282?
11
Calculate the remainder when 1245 is divided by 623.
622
What is the remainder when 6336 is divided by 235?
226
Calculate the remainder when 797 is divided by 580.
217
What is the remainder when 39901 is divided by 3988?
21
What is the remainder when 3153 is divided by 1473?
207
Calculate the remainder when 1496 is divided by 206.
54
What is the remainder when 2304 is divided by 774?
756
Calculate the remainder when 713221 is divided by 78.
67
Calculate the remainder when 18784 is divided by 83.
26
What is the remainder when 6667 is divided by 6659?
8
What is the remainder when 89870 is divided by 259?
256
What is the remainder when 129442 is divided by 201?
199
Calculate the remainder when 7727 is divided by 8.
7
What is the remainder when 11354 is divided by 712?
674
Calculate the remainder when 48607 is divided by 1825.
1157
Calculate the remainder when 175844 is divided by 34.
30
Calculate the remainder when 91507 is divided by 1158.
25
What is the remainder when 12455 is divided by 830?
5
Calculate the remainder when 9361 is divided by 1336.
9
Calculate the remainder when 12806 is divided by 613.
546
What is the remainder when 65552 is divided by 5462?
8
What is the remainder when 59980 is divided by 155?
150
Calculate the remainder when 2649 is divided by 68.
65
What is the remainder when 143653 is divided by 62?
61
What is the remainder when 8666 is divided by 30?
26
What is the remainder when 124749 is divided by 105?
9
What is the remainder when 479668 is divided by 59?
57
What is the remainder when 859023 is divided by 122716?
11
Calculate the remainder when 8756 is divided by 583.
11
Calculate the remainder when 37697 is divided by 9.
5
Calculate the remainder when 35574 is divided by 1270.
14
What is the remainder when 117648 is divided by 51?
42
What is the remainder when 14459 is divided by 77?
60
What is the remainder when 60304 is divided by 7?
6
Calculate the remainder when 40948 is divided by 7.
5
What is the remainder when 1622 is divided by 13?
10
What is the remainder when 27663 is divided by 174?
171
What is the remainder when 28447 is divided by 508?
507
Calculate the remainder when 728657 is divided by 20.
17
What is the remainder when 8448 is divided by 7480?
968
What is the remainder when 3031 is divided by 2597?
434
What is the remainder when 710255 is divided by 16?
15
What is the remainder when 87103 is divided by 131?
119
What is the remainder when 28688 is divided by 12?
8
Calculate the remainder when 10205 is divided by 499.
225
What is the remainder when 39751 is divided by 56?
47
Calculate the remainder when 97215 is divided by 448.
447
Calculate the remainder when 6326 is divided by 301.
5
Calculate the remainder when 1979 is divided by 82.
11
What is the remainder when 574 is divided by 557?
17
Calculate the remainder when 33723 is divided by 70.
53
What is the remainder when 4833 is divided by 4824?
9
Calculate the remainder when 596051 is divided by 44.
27
Calculate the remainder when 681116 is divided by 209.
194
What is the remainder when 2725 is divided by 53?
22
What is the remainder when 372 is divided by 60?
12
What is the remainder when 3331 is divided by 819?
55
What is the remainder when 4512 is divided by 226?
218
Calculate the remainder when 44231 is divided by 625.
481
Calculate the remainder when 1596 is divided by 27.
3
Calculate the remainder when 3194 is divided by 13.
9
Calculate the remainder when 106578 is divided by 444.
18
What is the remainder when 41556 is divided by 8304?
36
Calculate the remainder when 48889 is divided by 34.
31
What is the remainder when 3485 is divided by 275?
185
What is the remainder when 626504 is divided by 27?
23
What is the remainder when 5606 is divided by 433?
410
Calculate the remainder when 627 is divided by 237.
153
What is the remainder when 38214 is divided by 36?
18
What is the remainder when 2670 is divided by 181?
136
What is the remainder when 30004 is divided by 66?
40
Calculat